{"id":1023,"date":"2023-01-03T20:36:35","date_gmt":"2023-01-03T20:36:35","guid":{"rendered":"https:\/\/gdflac.com\/slider\/politica-de-proteccion-de-datos\/"},"modified":"2023-01-04T06:04:35","modified_gmt":"2023-01-04T06:04:35","slug":"politica-de-proteccion-de-datos","status":"publish","type":"slider","link":"https:\/\/gdflac.com\/es\/slider\/politica-de-proteccion-de-datos\/","title":{"rendered":"Pol\u00edtica de protecci\u00f3n de datos"},"content":{"rendered":"\n<p>Principios de Protecci\u00f3n de Datos del Fondo GDF<br>La protecci\u00f3n de su privacidad es un asunto de importancia. Vamos a recoger, procesar y utilizar s\u00f3lo los datos que los solicitantes suministren voluntariamente.<\/p>\n\n\n\n<p>Todos los datos proporcionados por el solicitante ser\u00e1n utilizados exclusivamente en relaci\u00f3n con la gesti\u00f3n del Fondo y las subvenciones pertinentes. Por razones administrativas y legales, todos los solicitantes deben permitir el uso de los datos y liberar a los Gestores del Fondo de toda responsabilidad con respecto a los datos de propiedad y de seguridad. Por lo tanto, una vez que los datos son proporcionados voluntariamente por el solicitante, los Gestores del Fondo no los consideran propietarios con el fin de gestionar los datos, el GDF o actividades relacionadas. Mediante la presentaci\u00f3n de una Expresi\u00f3n de Inter\u00e9s y una solicitud de subvenci\u00f3n, ya sea para estudios de superficie o actividades de perforaci\u00f3n, el solicitante entiende y acepta impl\u00edcitamente estos principios de protecci\u00f3n de datos y libera a los gestores del fondo y a las instituciones donantes, como KfW, de las reclamaciones y la responsabilidad por el uso de la informaci\u00f3n.<\/p>\n","protected":false},"template":"","class_list":["post-1023","slider","type-slider","status-publish","hentry"],"yoast_head":"<!-- This site is optimized with the Yoast SEO plugin v26.7 - https:\/\/yoast.com\/wordpress\/plugins\/seo\/ -->\n<title>Pol\u00edtica de protecci\u00f3n de datos - GDF<\/title>\n<meta name=\"robots\" content=\"index, follow, max-snippet:-1, max-image-preview:large, max-video-preview:-1\" \/>\n<link rel=\"canonical\" href=\"https:\/\/gdflac.com\/es\/slider\/politica-de-proteccion-de-datos\/\" \/>\n<meta property=\"og:locale\" content=\"es_ES\" \/>\n<meta property=\"og:type\" content=\"article\" \/>\n<meta property=\"og:title\" content=\"Pol\u00edtica de protecci\u00f3n de datos - GDF\" \/>\n<meta property=\"og:description\" content=\"Principios de Protecci\u00f3n de Datos del Fondo GDFLa protecci\u00f3n de su privacidad es un asunto de importancia. Vamos a recoger, procesar y utilizar s\u00f3lo los datos que los solicitantes suministren voluntariamente. Todos los datos proporcionados por el solicitante ser\u00e1n utilizados exclusivamente en relaci\u00f3n con la gesti\u00f3n del Fondo y las subvenciones pertinentes. Por razones administrativas [&hellip;]\" \/>\n<meta property=\"og:url\" content=\"https:\/\/gdflac.com\/es\/slider\/politica-de-proteccion-de-datos\/\" \/>\n<meta property=\"og:site_name\" content=\"GDF\" \/>\n<meta property=\"article:modified_time\" content=\"2023-01-04T06:04:35+00:00\" \/>\n<meta property=\"og:image\" content=\"https:\/\/gdflac.com\/wp-content\/uploads\/2022\/12\/GDF-Logo-Transparent.png\" \/>\n\t<meta property=\"og:image:width\" content=\"1000\" \/>\n\t<meta property=\"og:image:height\" content=\"505\" \/>\n\t<meta property=\"og:image:type\" content=\"image\/png\" \/>\n<meta name=\"twitter:card\" content=\"summary_large_image\" \/>\n<meta name=\"twitter:label1\" content=\"Tiempo de lectura\" \/>\n\t<meta name=\"twitter:data1\" content=\"1 minuto\" \/>\n<script type=\"application\/ld+json\" class=\"yoast-schema-graph\">{\"@context\":\"https:\/\/schema.org\",\"@graph\":[{\"@type\":\"WebPage\",\"@id\":\"https:\/\/gdflac.com\/es\/slider\/politica-de-proteccion-de-datos\/\",\"url\":\"https:\/\/gdflac.com\/es\/slider\/politica-de-proteccion-de-datos\/\",\"name\":\"Pol\u00edtica de protecci\u00f3n de datos - GDF\",\"isPartOf\":{\"@id\":\"https:\/\/gdflac.com\/#website\"},\"datePublished\":\"2023-01-03T20:36:35+00:00\",\"dateModified\":\"2023-01-04T06:04:35+00:00\",\"breadcrumb\":{\"@id\":\"https:\/\/gdflac.com\/es\/slider\/politica-de-proteccion-de-datos\/#breadcrumb\"},\"inLanguage\":\"es\",\"potentialAction\":[{\"@type\":\"ReadAction\",\"target\":[\"https:\/\/gdflac.com\/es\/slider\/politica-de-proteccion-de-datos\/\"]}]},{\"@type\":\"BreadcrumbList\",\"@id\":\"https:\/\/gdflac.com\/es\/slider\/politica-de-proteccion-de-datos\/#breadcrumb\",\"itemListElement\":[{\"@type\":\"ListItem\",\"position\":1,\"name\":\"Home\",\"item\":\"https:\/\/gdflac.com\/es\/inicio\/\"},{\"@type\":\"ListItem\",\"position\":2,\"name\":\"Pol\u00edtica de protecci\u00f3n de datos\"}]},{\"@type\":\"WebSite\",\"@id\":\"https:\/\/gdflac.com\/#website\",\"url\":\"https:\/\/gdflac.com\/\",\"name\":\"GDF\",\"description\":\"Geothermal Development Facility for Latin America\",\"publisher\":{\"@id\":\"https:\/\/gdflac.com\/#organization\"},\"alternateName\":\"GDF\",\"potentialAction\":[{\"@type\":\"SearchAction\",\"target\":{\"@type\":\"EntryPoint\",\"urlTemplate\":\"https:\/\/gdflac.com\/?s={search_term_string}\"},\"query-input\":{\"@type\":\"PropertyValueSpecification\",\"valueRequired\":true,\"valueName\":\"search_term_string\"}}],\"inLanguage\":\"es\"},{\"@type\":\"Organization\",\"@id\":\"https:\/\/gdflac.com\/#organization\",\"name\":\"GDF\",\"alternateName\":\"GDF\",\"url\":\"https:\/\/gdflac.com\/\",\"logo\":{\"@type\":\"ImageObject\",\"inLanguage\":\"es\",\"@id\":\"https:\/\/gdflac.com\/#\/schema\/logo\/image\/\",\"url\":\"https:\/\/gdflac.com\/wp-content\/uploads\/2022\/12\/GDF-Logo-Transparent.png\",\"contentUrl\":\"https:\/\/gdflac.com\/wp-content\/uploads\/2022\/12\/GDF-Logo-Transparent.png\",\"width\":1000,\"height\":505,\"caption\":\"GDF\"},\"image\":{\"@id\":\"https:\/\/gdflac.com\/#\/schema\/logo\/image\/\"}}]}<\/script>\n<!-- \/ Yoast SEO plugin. -->","yoast_head_json":{"title":"Pol\u00edtica de protecci\u00f3n de datos - GDF","robots":{"index":"index","follow":"follow","max-snippet":"max-snippet:-1","max-image-preview":"max-image-preview:large","max-video-preview":"max-video-preview:-1"},"canonical":"https:\/\/gdflac.com\/es\/slider\/politica-de-proteccion-de-datos\/","og_locale":"es_ES","og_type":"article","og_title":"Pol\u00edtica de protecci\u00f3n de datos - GDF","og_description":"Principios de Protecci\u00f3n de Datos del Fondo GDFLa protecci\u00f3n de su privacidad es un asunto de importancia. Vamos a recoger, procesar y utilizar s\u00f3lo los datos que los solicitantes suministren voluntariamente. Todos los datos proporcionados por el solicitante ser\u00e1n utilizados exclusivamente en relaci\u00f3n con la gesti\u00f3n del Fondo y las subvenciones pertinentes. Por razones administrativas [&hellip;]","og_url":"https:\/\/gdflac.com\/es\/slider\/politica-de-proteccion-de-datos\/","og_site_name":"GDF","article_modified_time":"2023-01-04T06:04:35+00:00","og_image":[{"width":1000,"height":505,"url":"https:\/\/gdflac.com\/wp-content\/uploads\/2022\/12\/GDF-Logo-Transparent.png","type":"image\/png"}],"twitter_card":"summary_large_image","twitter_misc":{"Tiempo de lectura":"1 minuto"},"schema":{"@context":"https:\/\/schema.org","@graph":[{"@type":"WebPage","@id":"https:\/\/gdflac.com\/es\/slider\/politica-de-proteccion-de-datos\/","url":"https:\/\/gdflac.com\/es\/slider\/politica-de-proteccion-de-datos\/","name":"Pol\u00edtica de protecci\u00f3n de datos - GDF","isPartOf":{"@id":"https:\/\/gdflac.com\/#website"},"datePublished":"2023-01-03T20:36:35+00:00","dateModified":"2023-01-04T06:04:35+00:00","breadcrumb":{"@id":"https:\/\/gdflac.com\/es\/slider\/politica-de-proteccion-de-datos\/#breadcrumb"},"inLanguage":"es","potentialAction":[{"@type":"ReadAction","target":["https:\/\/gdflac.com\/es\/slider\/politica-de-proteccion-de-datos\/"]}]},{"@type":"BreadcrumbList","@id":"https:\/\/gdflac.com\/es\/slider\/politica-de-proteccion-de-datos\/#breadcrumb","itemListElement":[{"@type":"ListItem","position":1,"name":"Home","item":"https:\/\/gdflac.com\/es\/inicio\/"},{"@type":"ListItem","position":2,"name":"Pol\u00edtica de protecci\u00f3n de datos"}]},{"@type":"WebSite","@id":"https:\/\/gdflac.com\/#website","url":"https:\/\/gdflac.com\/","name":"GDF","description":"Geothermal Development Facility for Latin America","publisher":{"@id":"https:\/\/gdflac.com\/#organization"},"alternateName":"GDF","potentialAction":[{"@type":"SearchAction","target":{"@type":"EntryPoint","urlTemplate":"https:\/\/gdflac.com\/?s={search_term_string}"},"query-input":{"@type":"PropertyValueSpecification","valueRequired":true,"valueName":"search_term_string"}}],"inLanguage":"es"},{"@type":"Organization","@id":"https:\/\/gdflac.com\/#organization","name":"GDF","alternateName":"GDF","url":"https:\/\/gdflac.com\/","logo":{"@type":"ImageObject","inLanguage":"es","@id":"https:\/\/gdflac.com\/#\/schema\/logo\/image\/","url":"https:\/\/gdflac.com\/wp-content\/uploads\/2022\/12\/GDF-Logo-Transparent.png","contentUrl":"https:\/\/gdflac.com\/wp-content\/uploads\/2022\/12\/GDF-Logo-Transparent.png","width":1000,"height":505,"caption":"GDF"},"image":{"@id":"https:\/\/gdflac.com\/#\/schema\/logo\/image\/"}}]}},"_links":{"self":[{"href":"https:\/\/gdflac.com\/es\/wp-json\/wp\/v2\/slider\/1023","targetHints":{"allow":["GET"]}}],"collection":[{"href":"https:\/\/gdflac.com\/es\/wp-json\/wp\/v2\/slider"}],"about":[{"href":"https:\/\/gdflac.com\/es\/wp-json\/wp\/v2\/types\/slider"}],"wp:attachment":[{"href":"https:\/\/gdflac.com\/es\/wp-json\/wp\/v2\/media?parent=1023"}],"curies":[{"name":"wp","href":"https:\/\/api.w.org\/{rel}","templated":true}]}}

Política de protección de datos

<p>Principios de Protección de Datos del Fondo GDF<br>La protección de su privacidad es un asunto de importancia. Vamos a recoger, procesar y utilizar sólo los datos que los solicitantes suministren voluntariamente.</p>



<p>Todos los datos proporcionados por el solicitante serán utilizados exclusivamente en relación con la gestión del Fondo y las subvenciones pertinentes. Por razones administrativas y legales, todos los solicitantes deben permitir el uso de los datos y liberar a los Gestores del Fondo de toda responsabilidad con respecto a los datos de propiedad y de seguridad. Por lo tanto, una vez que los datos son proporcionados voluntariamente por el solicitante, los Gestores del Fondo no los consideran propietarios con el fin de gestionar los datos, el GDF o actividades relacionadas. Mediante la presentación de una Expresión de Interés y una solicitud de subvención, ya sea para estudios de superficie o actividades de perforación, el solicitante entiende y acepta implícitamente estos principios de protección de datos y libera a los gestores del fondo y a las instituciones donantes, como KfW, de las reclamaciones y la responsabilidad por el uso de la información.</p>

<!-- This site is optimized with the Yoast SEO plugin v26.7 - https://yoast.com/wordpress/plugins/seo/ -->
<title>Política de protección de datos - GDF</title>
<meta name="robots" content="index, follow, max-snippet:-1, max-image-preview:large, max-video-preview:-1" />
<link rel="canonical" href="https://gdflac.com/es/slider/politica-de-proteccion-de-datos/" />
<meta property="og:locale" content="es_ES" />
<meta property="og:type" content="article" />
<meta property="og:title" content="Política de protección de datos - GDF" />
<meta property="og:description" content="Principios de Protección de Datos del Fondo GDFLa protección de su privacidad es un asunto de importancia. Vamos a recoger, procesar y utilizar sólo los datos que los solicitantes suministren voluntariamente. Todos los datos proporcionados por el solicitante serán utilizados exclusivamente en relación con la gestión del Fondo y las subvenciones pertinentes. Por razones administrativas [&hellip;]" />
<meta property="og:url" content="https://gdflac.com/es/slider/politica-de-proteccion-de-datos/" />
<meta property="og:site_name" content="GDF" />
<meta property="article:modified_time" content="2023-01-04T06:04:35+00:00" />
<meta property="og:image" content="https://gdflac.com/wp-content/uploads/2022/12/GDF-Logo-Transparent.png" />
	<meta property="og:image:width" content="1000" />
	<meta property="og:image:height" content="505" />
	<meta property="og:image:type" content="image/png" />
<meta name="twitter:card" content="summary_large_image" />
<meta name="twitter:label1" content="Tiempo de lectura" />
	<meta name="twitter:data1" content="1 minuto" />
<script type="application/ld+json" class="yoast-schema-graph">{"@context":"https://schema.org","@graph":[{"@type":"WebPage","@id":"https://gdflac.com/es/slider/politica-de-proteccion-de-datos/","url":"https://gdflac.com/es/slider/politica-de-proteccion-de-datos/","name":"Política de protección de datos - GDF","isPartOf":{"@id":"https://gdflac.com/#website"},"datePublished":"2023-01-03T20:36:35+00:00","dateModified":"2023-01-04T06:04:35+00:00","breadcrumb":{"@id":"https://gdflac.com/es/slider/politica-de-proteccion-de-datos/#breadcrumb"},"inLanguage":"es","potentialAction":[{"@type":"ReadAction","target":["https://gdflac.com/es/slider/politica-de-proteccion-de-datos/"]}]},{"@type":"BreadcrumbList","@id":"https://gdflac.com/es/slider/politica-de-proteccion-de-datos/#breadcrumb","itemListElement":[{"@type":"ListItem","position":1,"name":"Home","item":"https://gdflac.com/es/inicio/"},{"@type":"ListItem","position":2,"name":"Política de protección de datos"}]},{"@type":"WebSite","@id":"https://gdflac.com/#website","url":"https://gdflac.com/","name":"GDF","description":"Geothermal Development Facility for Latin America","publisher":{"@id":"https://gdflac.com/#organization"},"alternateName":"GDF","potentialAction":[{"@type":"SearchAction","target":{"@type":"EntryPoint","urlTemplate":"https://gdflac.com/?s={search_term_string}"},"query-input":{"@type":"PropertyValueSpecification","valueRequired":true,"valueName":"search_term_string"}}],"inLanguage":"es"},{"@type":"Organization","@id":"https://gdflac.com/#organization","name":"GDF","alternateName":"GDF","url":"https://gdflac.com/","logo":{"@type":"ImageObject","inLanguage":"es","@id":"https://gdflac.com/#/schema/logo/image/","url":"https://gdflac.com/wp-content/uploads/2022/12/GDF-Logo-Transparent.png","contentUrl":"https://gdflac.com/wp-content/uploads/2022/12/GDF-Logo-Transparent.png","width":1000,"height":505,"caption":"GDF"},"image":{"@id":"https://gdflac.com/#/schema/logo/image/"}}]}</script>
<!-- / Yoast SEO plugin. -->

Política de protección de datos - GDF

Principios de Protección de Datos del Fondo GDFLa protección de su privacidad es un asunto de importancia. Vamos a recoger, procesar y utilizar sólo los datos que los solicitantes suministren voluntariamente. Todos los datos proporcionados por el solicitante serán utilizados exclusivamente en relación con la gestión del Fondo y las subvenciones pertinentes. Por razones administrativas [&hellip;]
